{"id":1773,"date":"2025-02-20T14:46:42","date_gmt":"2025-02-20T14:46:42","guid":{"rendered":"https:\/\/inforfig.com\/?page_id=1773"},"modified":"2025-02-20T14:46:42","modified_gmt":"2025-02-20T14:46:42","slug":"plano-de-formacao","status":"publish","type":"page","link":"https:\/\/inforfig.com\/index.php\/plano-de-formacao\/","title":{"rendered":"Plano de Forma\u00e7\u00e3o"},"content":{"rendered":"<p>[vc_row full_height=&#8221;yes&#8221; css=&#8221;.vc_custom_1439543970731{margin-bottom: 15px !important;}&#8221;][vc_column][vc_custom_heading text=&#8221;Plano de Forma\u00e7\u00e3o&#8221; google_fonts=&#8221;font_family:Montserrat%3Aregular%2C700|font_style:700%20bold%20regular%3A700%3Anormal&#8221; css=&#8221;.vc_custom_1740062595795{margin-top: -8px !important;margin-bottom: 29px !important;}&#8221;][vc_custom_heading text=&#8221;2024&#8243; font_container=&#8221;tag:h4|text_align:left&#8221; google_fonts=&#8221;font_family:Montserrat%3Aregular%2C700|font_style:400%20regular%3A400%3Anormal&#8221; css=&#8221;.vc_custom_1740062621244{margin-bottom: 20px !important;}&#8221;][vc_column_text css=&#8221;.vc_custom_1740062800786{margin-bottom: 32px !important;}&#8221;]CURSO 1 &#8211; UFCD 3534\u00a0 Anima\u00e7\u00e3o e lazer (08-10-2024 a 07-11-2024) &#8211; Figueira da Foz<\/p>\n<p>CURSO 2 &#8211; UFCD 9205 Processo de comunica\u00e7\u00e3o (09-10-2024 a 05-11-2024) &#8211; Nelas[\/vc_column_text][\/vc_column][\/vc_row]<\/p>\n","protected":false},"excerpt":{"rendered":"<p>[vc_row full_height=&#8221;yes&#8221; css=&#8221;.vc_custom_1439543970731{margin-bottom: 15px !important;}&#8221;][vc_column][vc_custom_heading text=&#8221;Plano de Forma\u00e7\u00e3o&#8221; google_fonts=&#8221;font_family:Montserrat%3Aregular%2C700|font_style:700%20bold%20regular%3A700%3Anormal&#8221; css=&#8221;.vc_custom_1740062595795{margin-top: -8px !important;margin-bottom: 29px !important;}&#8221;][vc_custom_heading text=&#8221;2024&#8243; font_container=&#8221;tag:h4|text_align:left&#8221; google_fonts=&#8221;font_family:Montserrat%3Aregular%2C700|font_style:400%20regular%3A400%3Anormal&#8221; css=&#8221;.vc_custom_1740062621244{margin-bottom: 20px !important;}&#8221;][vc_column_text css=&#8221;.vc_custom_1740062800786{margin-bottom: 32px !important;}&#8221;]CURSO 1 &#8211; UFCD 3534\u00a0 Anima\u00e7\u00e3o e lazer (08-10-2024 a 07-11-2024) &#8211; Figueira da Foz CURSO 2 &#8211; UFCD 9205 Processo de comunica\u00e7\u00e3o (09-10-2024 a 05-11-2024) &#8211; Nelas[\/vc_column_text][\/vc_column][\/vc_row]<\/p>\n","protected":false},"author":2,"featured_media":0,"parent":0,"menu_order":0,"comment_status":"closed","ping_status":"closed","template":"","meta":{"footnotes":""},"class_list":["post-1773","page","type-page","status-publish","hentry"],"_links":{"self":[{"href":"https:\/\/inforfig.com\/index.php\/wp-json\/wp\/v2\/pages\/1773","targetHints":{"allow":["GET"]}}],"collection":[{"href":"https:\/\/inforfig.com\/index.php\/wp-json\/wp\/v2\/pages"}],"about":[{"href":"https:\/\/inforfig.com\/index.php\/wp-json\/wp\/v2\/types\/page"}],"author":[{"embeddable":true,"href":"https:\/\/inforfig.com\/index.php\/wp-json\/wp\/v2\/users\/2"}],"replies":[{"embeddable":true,"href":"https:\/\/inforfig.com\/index.php\/wp-json\/wp\/v2\/comments?post=1773"}],"version-history":[{"count":1,"href":"https:\/\/inforfig.com\/index.php\/wp-json\/wp\/v2\/pages\/1773\/revisions"}],"predecessor-version":[{"id":1774,"href":"https:\/\/inforfig.com\/index.php\/wp-json\/wp\/v2\/pages\/1773\/revisions\/1774"}],"wp:attachment":[{"href":"https:\/\/inforfig.com\/index.php\/wp-json\/wp\/v2\/media?parent=1773"}],"curies":[{"name":"wp","href":"https:\/\/api.w.org\/{rel}","templated":true}]}}